. Suppose u*m + 1 = m. Let y = 15 - m. Calculate the highest common factor of y and 112.
14
Suppose 3*u - 1032 = -225. Suppose -5*v + i + u = 0, 3*v - 4*v = -5*i - 49. Suppose -4 = 5*x - 34. What is the highest common factor of v and x?
6
Suppose 3*p + 0*p = 60. Calculate the greatest common divisor of p and 4.
4
Suppose -4*x = -4*n - 3*x + 36, 5*x = 0. What is the greatest common factor of n and 27?
9
Let t = 435 - 94. What is the greatest common divisor of t and 31?
31
Let s be 693/42*4/3. Calculate the highest common factor of 2 and s.
2
Let x = -39 + 57. Suppose -z = -0*z - 36. What is the greatest common factor of z and x?
18
Let y(g) = -2*g**2 - 11. Let o be y(10). Let d = o - -373. What is the greatest common divisor of d and 18?
18
Let p = 19 + 16. What is the greatest common factor of 7 and p?
7
Suppose 3*n - 2*o = -4*o + 226, -164 = -2*n - 4*o. What is the highest common divisor of n and 27?
9
Let t(d) = d**3 - 8*d**2 + 4*d + 4. Let r be t(8). Calculate the highest common factor of r and 24.
12
Let f = -2 - -1. Let h(j) = 12*j**2. Let g be h(f). Suppose -3*z + 2*s + 82 = 0, -4*s = 2*z - 3*z + 44. Calculate the greatest common divisor of g and z.
12
Let b = 6 - -14. Let t be (-76)/(-18) + 6/(-27). Calculate the greatest common factor of b and t.
4
Suppose -3*t = -l - 0 - 3, 0 = 2*t + 4*l - 16. What is the greatest common factor of t and 22?
2
Let h be (-2 - -4)*3/(-2). Let o = 2 - h. Suppose 2*d = -5*m + 196, 3*m = 3*d + 116 + 10. What is the highest common factor of m and o?
5
Let j be ((-120)/42)/(4/(-14)). What is the greatest common factor of j and 10?
10
Suppose 0*z - 4*z = -16. Suppose -29 = -5*u + 3*a, -a = -z*u + 15 + 4. Suppose 2*g - u = 6. Calculate the greatest common divisor of g and 2.
1
Let j = 103 + -49. Let x = j - -11. Suppose -2*u + 3*r = -26, -u - 2*r - 3*r = -13. What is the highest common divisor of x and u?
13
Suppose 0 = 4*s - 11 + 3. Suppose s*u + 3*k = 1 - 3, u = 5*k + 25. Let g(w) = w**2 + 3*w - 7. Let t be g(u). What is the greatest common divisor of 3 and t?
3
Let n(v) = -v**3 + 8*v**2 + v - 3. Let s = 10 - 4. Let z be n(s). What is the highest common divisor of z and 30?
15
Let x = -71 - -80. What is the highest common divisor of 21 and x?
3
Let n(v) = 53*v - 4. Let a be n(1). Calculate the highest common divisor of 7 and a.
7
Suppose -5*s + 205 + 430 = 5*h, 139 = h - 3*s. What is the greatest common divisor of 65 and h?
65
Suppose -c - 3*m + 1 = 0, -3*c + 3*m + 47 = -c. Let p(s) = -s**2 + 20*s - 4. Let x be p(18). Calculate the greatest common divisor of x and c.
16
Suppose 4*t + 12 = -4. Let a = 9 + t. Let p(q) = 3*q**2 - 2. Let c be p(2). Calculate the highest common factor of a and c.
5
Let d(s) = -s**3 - 6*s**2 - 4*s + 20. Let r be d(-6). Calculate the greatest common factor of r and 308.
44
Let d(j) = 8*j + 9. Let v(q) = -q - 1. Let p(x) = -d(x) - 6*v(x). Let w be p(-3). Suppose -w*s = -0*s - 18. Calculate the highest common divisor of s and 54.
6
Suppose -d - 4*f = -2*f, d - f = 12. Let c(p) = 3*p**3 + 2*p**2 + 4*p + 3. Let h be c(-3). Let q = -16 - h. What is the highest common factor of q and d?
8
Suppose -a = 2*a + 4*b - 61, -4*b = -a + 15. What is the greatest common factor of a and 152?
19
Let o(p) = 23*p**2 - p - 2. Let d be o(-3). Suppose 550 - d = 2*l. Suppose -m - 95 = -6*m. What is the highest common factor of l and m?
19
Let n be -1 + (17 - (4 + -6)). Calculate the highest common divisor of 27 and n.
9
Suppose 21 = 5*b + 2*b. What is the greatest common divisor of 2 and b?
1
Suppose 1 = m + 15. Let r = m - -24. Let c be 1/((-26)/(-8) - 3). Calculate the highest common divisor of c and r.
2
Suppose -3*a - 89 - 262 = 0. Let w = -57 - a. What is the greatest common divisor of w and 10?
10
Let b be (-11)/((-7)/(-77) + 4/(-22)). What is the greatest common divisor of 11 and b?
11
Let p = 11 - 7. Suppose 55 = o + p*o. Suppose -2*g = -3*v - o, -g = -5*v + 6 - 1. What is the highest common factor of 2 and g?
2
Let j(c) be the second derivative of -c**3/6 + c. Let r be j(-5). Let p be (3/((-6)/(-20)))/1. Calculate the greatest common divisor of r and p.
5
Let i be 24/6 - (0 + 1). Let k(d) = 30*d**2. Let b be k(2). Suppose -i*r - b = -7*r. What is the greatest common factor of 45 and r?
15
Let x(u) = -u**3 + 6*u**2 + 5. Let a be x(6). Suppose a*b + 7*k = 4*k + 123, -28 = -b - 4*k. What is the highest common divisor of 8 and b?
8
Suppose 0 = 2*h - 0*h + 8. Let w = 6 + h. Suppose -13*b + 3 = -10*b. Calculate the highest common factor of w and b.
1
Suppose -31 = -c - 3*m + 8*m, 5*m = -c + 41. Calculate the highest common divisor of 9 and c.
9
Let h = 13 - 15. Let g(s) = s**2 - s. Let r(d) = -d**2 - 5*d - 2. Let l(q) = 2*g(q) - r(q). Let t be l(h). Calculate the greatest common divisor of t and 40.
8
Let v(h) = -h**3 + 5*h**2 - 2*h. Let r be v(3). Calculate the highest common divisor of 84 and r.
12
Let j = 7 - 10. Let b = j + 5. Suppose 0 = -2*p + 13 + 7. Calculate the greatest common divisor of p and b.
2
Let r(o) = o**3 + 7*o**2 + 2*o + 3. Let x be r(-5). Suppose 4*q = 2*z - 20, -2*q - x = -3*z - 5. What is the highest common factor of 14 and z?
14
Let d(z) = z**2 + 3*z - 3. Let u be d(2). Suppose -2*q + 0 - 28 = 0. Let x be (-2)/(-7) - 780/q. Calculate the highest common factor of x and u.
7
Suppose -3*f = -4*f + 132. Let x(c) = -c**2 + 3*c + 3. Let i be x(3). Suppose 9 + 0 = o - i*s, -3*o = -s - 35. Calculate the greatest common factor of o and f.
12
Suppose -3*c + 3*y = -45, c - 2*y - 8 = 4. Let l = 32 + c. What is the greatest common factor of l and 125?
25
Let i be (10/3)/(2/15). What is the greatest common factor of 125 and i?
25
Let v = -47 + 67. Suppose 22 = 3*m + s, -2*s + 48 = 5*m - 6*s. Calculate the greatest common factor of v and m.
4
Suppose 0*h + 84 = 3*h. Suppose 0 = -5*r + 3*r + h. Suppose -3*s + s + 14 = 0. What is the greatest common divisor of r and s?
7
Let h(i) = i - 13. Let f be h(8). Let q(t) = -20*t - 1. Let l be q(f). Let u be 2 + 2/(2/9). Calculate the highest common factor of u and l.
11
Let z(b) = 6*b - 17. Let k be z(7). What is the highest common factor of 5 and k?
5
Let p be (-6)/(-12)*(-1 - -13). Let a be (-2)/(-8)*p*4. Calculate the greatest common divisor of 1 and a.
1
Suppose w = -5, -3*d + 4*w + 83 = -102. Calculate the highest common factor of 11 and d.
11
Suppose 14 = -4*b + 70. Let p(i) = -i. Let v be p(-5). Suppose v*j = j + 28. Calculate the highest common divisor of b and j.
7
Suppose 2*p = p + 150. Let i be ((-18)/15 - -2)*p. What is the greatest common factor of i and 48?
24
Let z(o) = -5*o**3 - 7*o**2 - o. Let i be z(-3). Calculate the highest common factor of i and 30.
15
Suppose f - 28 = 3*p, 3*f + 0*f - 34 = 4*p. Let q be (64/40)/((-4)/p). Let k = 51 + -19. What is the highest common divisor of q and k?
4
Let g(c) = -c**3 - 3*c**2 + c + 5. Let p be g(-5). What is the greatest common divisor of p and 10?
10
Suppose 4 = -3*l - 5*i - 1, -5*l = -i - 1. Suppose -5*v = 2*a - 13 - 3, -v = l. What is the greatest common factor of a and 16?
8
Let s be 12/(-90) + 137/15. What is the highest common factor of s and 27?
9
Let i be (0 + 6)/(-2) - -94 - 3. Calculate the greatest common factor of 8 and i.
8
Suppose 0 = 5*l - 70 + 25. What is the greatest common factor of 9 and l?
9
Let v(m) = 4*m - 2. Let c be v(8). Let d be (-804)/(-45) - (-4)/c. What is the greatest common factor of 18 and d?
18
Suppose -4*f = -4*x + 72, -2*x = -0*x + 2*f - 28. Let i = 14 - 1. Suppose 53 - i = 5*o. What is the highest common divisor of o and x?
8
Suppose 17 + 19 = 3*p. Let l(k) = -k + 7. Let x be l(8). Let a be (-2)/(15/(-9) - x). Calculate the highest common divisor of p and a.
3
Let u(x) = -2*x + 0*x - 1 + 0*x. Suppose -4*v + j - 3*j = -2, -23 = -v - 5*j. Let l be u(v). Calculate the greatest common divisor of 3 and l.
3
Suppose -2*u - 3*c + 6 = 0, -4*u + c = -2*c - 12. Suppose 3*f = -u*y - 7 + 58, 4*f = 2*y - 22. Calculate the highest common divisor of 6 and y.
3
Suppose -5*x + 4*x = -12. Let a = -4 + 3. Let d be a/(-2) - 22/(-4). Calculate the greatest common factor of d and x.
6
Suppose -4*m + 0 - 8 = 0, 4*m + 19 = n. Let l(f) = f + 14. Let t be l(n). Let h be (2 + 8/6)*3. Calculate the greatest common factor of h and t.
5
Let g be 15/(1 - 3 - -3). Calculate the greatest 